{"id":314,"date":"2025-08-31T16:01:04","date_gmt":"2025-08-31T14:01:04","guid":{"rendered":"http:\/\/colombe-production.com\/new\/?page_id=314"},"modified":"2025-08-31T16:26:49","modified_gmt":"2025-08-31T14:26:49","slug":"conditions-generales-dutilisation-cgu","status":"publish","type":"page","link":"http:\/\/colombe-production.com\/new\/conditions-generales-dutilisation-cgu\/","title":{"rendered":"Conditions G\u00e9n\u00e9rales d\u2019Utilisation (CGU)"},"content":{"rendered":"\t\t<div data-elementor-type=\"wp-page\" data-elementor-id=\"314\" class=\"elementor elementor-314\" data-elementor-post-type=\"page\">\n\t\t\t\t<div class=\"elementor-element elementor-element-6c2b8f3 e-flex e-con-boxed e-con e-parent\" data-id=\"6c2b8f3\" data-element_type=\"container\" data-settings=\"{&quot;background_background&quot;:&quot;classic&quot;}\">\n\t\t\t\t\t<div class=\"e-con-inner\">\n\t\t<div class=\"elementor-element elementor-element-d0d156b e-con-full e-flex e-con e-child\" data-id=\"d0d156b\" data-element_type=\"container\">\n\t\t\t\t<div class=\"elementor-element elementor-element-063e0db elementor-invisible elementor-widget elementor-widget-heading\" data-id=\"063e0db\" data-element_type=\"widget\" data-settings=\"{&quot;_animation&quot;:&quot;fadeInUp&quot;}\" data-widget_type=\"heading.default\">\n\t\t\t\t<div class=\"elementor-widget-container\">\n\t\t\t\t\t<h1 class=\"elementor-heading-title elementor-size-default\">Conditions G\u00e9n\u00e9rales d\u2019Utilisation (CGU)<\/h1>\t\t\t\t<\/div>\n\t\t\t\t<\/div>\n\t\t\t\t<\/div>\n\t\t\t\t\t<\/div>\n\t\t\t\t<\/div>\n\t\t<div class=\"elementor-element elementor-element-fead749 e-flex e-con-boxed e-con e-parent\" data-id=\"fead749\" data-element_type=\"container\">\n\t\t\t\t\t<div class=\"e-con-inner\">\n\t\t\t\t<div class=\"elementor-element elementor-element-4f69a10 elementor-widget elementor-widget-heading\" data-id=\"4f69a10\" data-element_type=\"widget\" data-widget_type=\"heading.default\">\n\t\t\t\t<div class=\"elementor-widget-container\">\n\t\t\t\t\t<h2 class=\"elementor-heading-title elementor-size-default\">1. Objet<\/h2>\t\t\t\t<\/div>\n\t\t\t\t<\/div>\n\t\t\t\t<div class=\"elementor-element elementor-element-a504796 elementor-widget elementor-widget-text-editor\" data-id=\"a504796\" data-element_type=\"widget\" data-widget_type=\"text-editor.default\">\n\t\t\t\t<div class=\"elementor-widget-container\">\n\t\t\t\t\t\t\t\t\t<p>Les pr\u00e9sentes conditions g\u00e9n\u00e9rales d\u2019utilisation d\u00e9finissent les modalit\u00e9s d\u2019acc\u00e8s et d\u2019utilisation du site <strong data-start=\"516\" data-end=\"542\">colombe-production.com<\/strong> (ci-apr\u00e8s le &#8220;Site&#8221;).<br data-start=\"564\" data-end=\"567\" \/>En acc\u00e9dant au Site, l\u2019utilisateur accepte sans r\u00e9serve les pr\u00e9sentes conditions.<\/p>\t\t\t\t\t\t\t\t<\/div>\n\t\t\t\t<\/div>\n\t\t\t\t<div class=\"elementor-element elementor-element-d70a151 elementor-widget elementor-widget-heading\" data-id=\"d70a151\" data-element_type=\"widget\" data-widget_type=\"heading.default\">\n\t\t\t\t<div class=\"elementor-widget-container\">\n\t\t\t\t\t<h2 class=\"elementor-heading-title elementor-size-default\">2. Acc\u00e8s au site<\/h2>\t\t\t\t<\/div>\n\t\t\t\t<\/div>\n\t\t\t\t<div class=\"elementor-element elementor-element-df27a87 elementor-widget elementor-widget-text-editor\" data-id=\"df27a87\" data-element_type=\"widget\" data-widget_type=\"text-editor.default\">\n\t\t\t\t<div class=\"elementor-widget-container\">\n\t\t\t\t\t\t\t\t\t<p>Le Site est accessible gratuitement \u00e0 tout utilisateur disposant d\u2019un acc\u00e8s \u00e0 Internet. Les co\u00fbts li\u00e9s \u00e0 l\u2019acc\u00e8s (connexion, mat\u00e9riel, logiciel, etc.) sont \u00e0 la charge de l\u2019utilisateur.<\/p>\t\t\t\t\t\t\t\t<\/div>\n\t\t\t\t<\/div>\n\t\t\t\t<div class=\"elementor-element elementor-element-b9163ba elementor-widget elementor-widget-heading\" data-id=\"b9163ba\" data-element_type=\"widget\" data-widget_type=\"heading.default\">\n\t\t\t\t<div class=\"elementor-widget-container\">\n\t\t\t\t\t<h2 class=\"elementor-heading-title elementor-size-default\">3. Services propos\u00e9s<\/h2>\t\t\t\t<\/div>\n\t\t\t\t<\/div>\n\t\t\t\t<div class=\"elementor-element elementor-element-322b0af elementor-widget elementor-widget-text-editor\" data-id=\"322b0af\" data-element_type=\"widget\" data-widget_type=\"text-editor.default\">\n\t\t\t\t<div class=\"elementor-widget-container\">\n\t\t\t\t\t\t\t\t\t<p>Le Site a pour objet de pr\u00e9senter les activit\u00e9s et services de <strong data-start=\"954\" data-end=\"976\">Colombe Production<\/strong>, notamment la production audiovisuelle, ainsi que de permettre la prise de contact avec l\u2019\u00e9quipe.<\/p>\t\t\t\t\t\t\t\t<\/div>\n\t\t\t\t<\/div>\n\t\t\t\t<div class=\"elementor-element elementor-element-411ba8c elementor-widget elementor-widget-heading\" data-id=\"411ba8c\" data-element_type=\"widget\" data-widget_type=\"heading.default\">\n\t\t\t\t<div class=\"elementor-widget-container\">\n\t\t\t\t\t<h2 class=\"elementor-heading-title elementor-size-default\">4. Propri\u00e9t\u00e9 intellectuelle<\/h2>\t\t\t\t<\/div>\n\t\t\t\t<\/div>\n\t\t\t\t<div class=\"elementor-element elementor-element-8e6cbe2 elementor-widget elementor-widget-text-editor\" data-id=\"8e6cbe2\" data-element_type=\"widget\" data-widget_type=\"text-editor.default\">\n\t\t\t\t<div class=\"elementor-widget-container\">\n\t\t\t\t\t\t\t\t\t<p>L\u2019ensemble des \u00e9l\u00e9ments pr\u00e9sents sur le Site (textes, images, vid\u00e9os, logos, graphismes, structure) est prot\u00e9g\u00e9 par le droit de la propri\u00e9t\u00e9 intellectuelle et appartient \u00e0 <strong data-start=\"1284\" data-end=\"1306\">Colombe Production<\/strong> ou fait l\u2019objet d\u2019une autorisation d\u2019utilisation.<br data-start=\"1356\" data-end=\"1359\" \/>Toute reproduction, repr\u00e9sentation, modification ou exploitation, totale ou partielle, est interdite sans l\u2019autorisation expresse de <strong data-start=\"1492\" data-end=\"1514\">Colombe Production<\/strong>.<\/p>\t\t\t\t\t\t\t\t<\/div>\n\t\t\t\t<\/div>\n\t\t\t\t<div class=\"elementor-element elementor-element-ac0ab59 elementor-widget elementor-widget-heading\" data-id=\"ac0ab59\" data-element_type=\"widget\" data-widget_type=\"heading.default\">\n\t\t\t\t<div class=\"elementor-widget-container\">\n\t\t\t\t\t<h2 class=\"elementor-heading-title elementor-size-default\">5. Responsabilit\u00e9<\/h2>\t\t\t\t<\/div>\n\t\t\t\t<\/div>\n\t\t\t\t<div class=\"elementor-element elementor-element-ef77a5e elementor-widget elementor-widget-text-editor\" data-id=\"ef77a5e\" data-element_type=\"widget\" data-widget_type=\"text-editor.default\">\n\t\t\t\t<div class=\"elementor-widget-container\">\n\t\t\t\t\t\t\t\t\t<p>Colombe Production s\u2019efforce d\u2019assurer l\u2019exactitude et la mise \u00e0 jour des informations diffus\u00e9es sur le Site. Toutefois, l\u2019entreprise ne saurait \u00eatre tenue responsable des erreurs, omissions ou indisponibilit\u00e9s \u00e9ventuelles.<br data-start=\"1766\" data-end=\"1769\" \/>Le Site peut contenir des liens vers d\u2019autres sites dont Colombe Production n\u2019est pas responsable.<\/p>\t\t\t\t\t\t\t\t<\/div>\n\t\t\t\t<\/div>\n\t\t\t\t<div class=\"elementor-element elementor-element-58beb1d elementor-widget elementor-widget-heading\" data-id=\"58beb1d\" data-element_type=\"widget\" data-widget_type=\"heading.default\">\n\t\t\t\t<div class=\"elementor-widget-container\">\n\t\t\t\t\t<h2 class=\"elementor-heading-title elementor-size-default\">6. Donn\u00e9es personnelles<\/h2>\t\t\t\t<\/div>\n\t\t\t\t<\/div>\n\t\t\t\t<div class=\"elementor-element elementor-element-5e47aa4 elementor-widget elementor-widget-text-editor\" data-id=\"5e47aa4\" data-element_type=\"widget\" data-widget_type=\"text-editor.default\">\n\t\t\t\t<div class=\"elementor-widget-container\">\n\t\t\t\t\t\t\t\t\t<p>Les informations recueillies via le Site (formulaire de contact, abonnement \u00e0 la newsletter, etc.) font l\u2019objet d\u2019un traitement informatique destin\u00e9 uniquement \u00e0 la gestion des demandes et \u00e0 la communication d\u2019actualit\u00e9s.<br data-start=\"2122\" data-end=\"2125\" \/>Conform\u00e9ment au R\u00e8glement G\u00e9n\u00e9ral sur la Protection des Donn\u00e9es (RGPD), l\u2019utilisateur dispose d\u2019un droit d\u2019acc\u00e8s, de rectification et de suppression de ses donn\u00e9es, qu\u2019il peut exercer en \u00e9crivant \u00e0 : <strong data-start=\"2325\" data-end=\"2358\">contact@colombre-production.com<\/strong><\/p>\t\t\t\t\t\t\t\t<\/div>\n\t\t\t\t<\/div>\n\t\t\t\t<div class=\"elementor-element elementor-element-d9d448b elementor-widget elementor-widget-heading\" data-id=\"d9d448b\" data-element_type=\"widget\" data-widget_type=\"heading.default\">\n\t\t\t\t<div class=\"elementor-widget-container\">\n\t\t\t\t\t<h2 class=\"elementor-heading-title elementor-size-default\">7. Modification des conditions<\/h2>\t\t\t\t<\/div>\n\t\t\t\t<\/div>\n\t\t\t\t<div class=\"elementor-element elementor-element-263053c elementor-widget elementor-widget-text-editor\" data-id=\"263053c\" data-element_type=\"widget\" data-widget_type=\"text-editor.default\">\n\t\t\t\t<div class=\"elementor-widget-container\">\n\t\t\t\t\t\t\t\t\t<p>Colombe Production se r\u00e9serve le droit de modifier les pr\u00e9sentes conditions \u00e0 tout moment. L\u2019utilisateur est invit\u00e9 \u00e0 les consulter r\u00e9guli\u00e8rement.<\/p>\t\t\t\t\t\t\t\t<\/div>\n\t\t\t\t<\/div>\n\t\t\t\t<div class=\"elementor-element elementor-element-aaac809 elementor-widget elementor-widget-heading\" data-id=\"aaac809\" data-element_type=\"widget\" data-widget_type=\"heading.default\">\n\t\t\t\t<div class=\"elementor-widget-container\">\n\t\t\t\t\t<h2 class=\"elementor-heading-title elementor-size-default\">8. Droit applicable<\/h2>\t\t\t\t<\/div>\n\t\t\t\t<\/div>\n\t\t\t\t<div class=\"elementor-element elementor-element-6a5381d elementor-widget elementor-widget-text-editor\" data-id=\"6a5381d\" data-element_type=\"widget\" data-widget_type=\"text-editor.default\">\n\t\t\t\t<div class=\"elementor-widget-container\">\n\t\t\t\t\t\t\t\t\t<p>Les pr\u00e9sentes conditions sont soumises au droit fran\u00e7ais. Tout litige relatif \u00e0 leur interpr\u00e9tation ou leur ex\u00e9cution rel\u00e8ve de la comp\u00e9tence des tribunaux fran\u00e7ais.<\/p>\t\t\t\t\t\t\t\t<\/div>\n\t\t\t\t<\/div>\n\t\t\t\t\t<\/div>\n\t\t\t\t<\/div>\n\t\t\t\t<\/div>\n\t\t","protected":false},"excerpt":{"rendered":"<p>Conditions G\u00e9n\u00e9rales d\u2019Utilisation (CGU) 1. Objet Les pr\u00e9sentes conditions g\u00e9n\u00e9rales d\u2019utilisation d\u00e9finissent les modalit\u00e9s d\u2019acc\u00e8s et d\u2019utilisation du site colombe-production.com (ci-apr\u00e8s le &#8220;Site&#8221;).En acc\u00e9dant au Site, l\u2019utilisateur accepte sans r\u00e9serve les pr\u00e9sentes conditions. 2. Acc\u00e8s au site Le Site est accessible gratuitement \u00e0 tout utilisateur disposant d\u2019un acc\u00e8s \u00e0 Internet. Les co\u00fbts li\u00e9s \u00e0 l\u2019acc\u00e8s [&hellip;]<\/p>\n","protected":false},"author":1,"featured_media":0,"parent":0,"menu_order":0,"comment_status":"closed","ping_status":"closed","template":"","meta":{"footnotes":""},"class_list":["post-314","page","type-page","status-publish","hentry"],"_links":{"self":[{"href":"http:\/\/colombe-production.com\/new\/wp-json\/wp\/v2\/pages\/314","targetHints":{"allow":["GET"]}}],"collection":[{"href":"http:\/\/colombe-production.com\/new\/wp-json\/wp\/v2\/pages"}],"about":[{"href":"http:\/\/colombe-production.com\/new\/wp-json\/wp\/v2\/types\/page"}],"author":[{"embeddable":true,"href":"http:\/\/colombe-production.com\/new\/wp-json\/wp\/v2\/users\/1"}],"replies":[{"embeddable":true,"href":"http:\/\/colombe-production.com\/new\/wp-json\/wp\/v2\/comments?post=314"}],"version-history":[{"count":10,"href":"http:\/\/colombe-production.com\/new\/wp-json\/wp\/v2\/pages\/314\/revisions"}],"predecessor-version":[{"id":343,"href":"http:\/\/colombe-production.com\/new\/wp-json\/wp\/v2\/pages\/314\/revisions\/343"}],"wp:attachment":[{"href":"http:\/\/colombe-production.com\/new\/wp-json\/wp\/v2\/media?parent=314"}],"curies":[{"name":"wp","href":"https:\/\/api.w.org\/{rel}","templated":true}]}}